4543 (base 10) in base 6?
33011
What is -2102002 (base 3) in base 6?
-12045
Convert 1230231 (base 4) to base 12.
4039
13211 (base 5) to base 2
10000100000
Convert 1711 (base 9) to base 7.
3544
What is -1236 (base 7) in base 10?
-468
What is -11220131 (base 4) in base 11?
-16372
Convert -7a06 (base 11) to base 16.
-2925
950 (base 10) to base 4
32312
14024 (base 7) to base 15
11cb
Convert 110001211 (base 3) to base 5.
240142
What is -56 (base 9) in base 7?
-102
4560 (base 7) to base 5
23114
Convert -29b (base 15) to base 14.
-308
4600 (base 7) to base 15
761
Convert 21010111 (base 3) to base 7.
21103
-20330 (base 4) to base 6
-2352
Convert 462 (base 11) to base 13.
336
Convert 4b5 (base 16) to base 5.
14310
Convert 5d0 (base 14) to base 13.
6b5
Convert -2204103 (base 5) to base 3.
-1221011110
Convert 1353 (base 6) to base 11.
2a5
What is -1451 (base 6) in base 13?
-241
Convert 2c1 (base 14) to base 5.
4221
What is a0e (base 15) in base 10?
2264
b32c (base 13) to base 14
9012
What is -1110100110101 (base 2) in base 16?
-1d35
10c (base 13) to base 4
2311
110010101010101 (base 2) to base 5
1312231
What is 336145 (base 7) in base 11?
409a1
What is -10500 (base 8) in base 6?
-32240
Convert 8286 (base 11) to base 12.
6434
Convert -17935 (base 11) to base 7.
-133064
2e72 (base 15) to base 11
7578
What is 3371 (base 8) in base 10?
1785
Convert 846 (base 9) to base 6.
3110
What is 110110001 (base 2) in base 16?
1b1
-4452 (base 6) to base 13
-620
Convert -1100010111110 (base 2) to base 9.
-8617
Convert -86138 (base 10) to base 16.
-1507a
7215 (base 8) to base 15
1185
What is -11035 (base 8) in base 7?
-16343
-62a2 (base 13) to base 9
-20648
Convert 2b3 (base 14) to base 13.
333
Convert 23604 (base 11) to base 10.
34005
Convert 79 (base 14) to base 15.
72
What is 442 (base 5) in base 14?
8a
What is -f6c4 (base 16) in base 6?
-1204244
Convert -1000111010110110 (base 2) to base 8.
-107266
What is -14bb (base 15) in base 2?
-1000101100011
a42 (base 11) to base 10
1256
Convert -1366 (base 7) to base 5.
-4123
What is -2653 (base 8) in base 13?
-878
Convert 2018 (base 9) to base 6.
10455
Convert -12261 (base 10) to base 2.
-10111111100101
-7154 (base 8) to base 2
-111001101100
Convert 131001 (base 4) to base 5.
24412
What is -1487 (base 13) in base 14?
-1132
What is 23251 (base 6) in base 11?
256a
4640 (base 15) to base 11
10225
What is -701 (base 13) in base 4?
-102200
What is -8460 (base 11) in base 4?
-2232332
Convert -101111000101 (base 2) to base 16.
-bc5
What is 1a425 (base 12) in base 16?
96dd
What is 3122 (base 10) in base 7?
12050
What is -44 (base 12) in base 15?
-37
What is -11000011 (base 2) in base 10?
-195
What is 4037 (base 9) in base 3?
11001021
-61ac (base 14) to base 9
-25050
What is -1002113 (base 5) in base 14?
-5b24
Convert 4144 (base 16) to base 3.
211220211
Convert -1839 (base 11) to base 12.
-1431
-19a (base 14) to base 12
-238
Convert -2764 (base 8) to base 11.
-1166
-65564 (base 7) to base 5
-1011122
Convert 4801 (base 10) to base 15.
1651
23334 (base 5) to base 6
11543
What is -16cb (base 13) in base 11?
-25a1
Convert -2121221 (base 3) to base 8.
-3573
-12203 (base 4) to base 10
-419
Convert 4114 (base 5) to base 8.
1026
What is -789 (base 11) in base 15?
-42e
-4db (base 16) to base 9
-1631
Convert -336 (base 11) to base 14.
-20a
What is -287 (base 14) in base 5?
-4021
What is 343 (base 10) in base 12?
247
Convert -340 (base 7) to base 9.
-214
What is -21141 (base 6) in base 7?
-11236
-7e9 (base 16) to base 5
-31100
What is 2872 (base 9) in base 2?
100001111011
What is -478 (base 10) in base 16?
-1de
What is -2646 (base 10) in base 16?
-a56
What is 4d9 (base 14) in base 2?
1111001111
-4b2 (base 12) to base 14
-38a
Convert 10232 (base 4) to base 7.
611
13542 (base 6) to base 15
985
Convert 63801 (base 9) to base 10.
42202
5041 (base 6) to base 14
58d
What is -3646 (base 8) in base 10?
-1958
Convert 1152 (base 8) to base 2.
1001101010
Convert 42402 (base 6) to base 8.
13202
-3932 (base 15) to base 8
-27645
-16217 (base 11) to base 8
-54547
What is -1540110 (base 6) in base 15?
-1bd5c
Convert 12322 (base 4) to base 8.
672
-1082 (base 10) to base 8
-2072
-210202 (base 3) to base 12
-40b
Convert 9872 (base 10) to base 2.
10011010010000
-111111101100111 (base 2) to base 7
-164042
Convert -617 (base 8) to base 9.
-483
Convert 120211 (base 3) to base 8.
653
What is 336 (base 15) in base 4?
23112
What is 8153 (base 16) in base 12?
171ab
Convert 1577 (base 12) to base 8.
4753
Convert 20144 (base 5) to base 10.
1299
327 (base 9) to base 8
414
Convert -7807 (base 13) to base 10.
-16738
Convert 2b1 (base 12) to base 4.
12211
What is 17016 (base 11) in base 4?
11312213
What is -1022222120 (base 3) in base 10?
-26232
Convert 11100010010100 (base 2) to base 3.
201212110
What is -535 (base 12) in base 16?
-2f9
What is 555 (base 11) in base 7?
1640
Convert -990 (base 10) to base 13.
-5b2
What is -42972 (base 10) in base 7?
-236166
-3b2a (base 14) to base 5
-313201
What is 5630 (base 7) in base 4?
133232
Convert -12314 (base 6) to base 9.
-2471
21331 (base 4) to base 2
1001111101
What is -2012033 (base 4) in base 10?
-8591
Convert -1046 (base 16) to base 10.
-4166
What is -11ab9 (base 14) in base 11?
-2a579
Convert -7653 (base 16) to base 15.
-8e96
-929 (base 14) to base 11
-1398
-22464 (base 12) to base 4
-23020030
What is 2bc (base 16) in base 8?
1274
What is 71 (base 14) in base 4?
1203
-ede (base 15) to base 10
-3359
-16096 (base 13) to base 10
-41866
What is -1b5b (base 14) in base 12?
-2a71
What is 20011231 (base 4) in base 6?
413221
What is 2212 (base 5) in base 4?
10303
221 (base 3) to base 9
27
What is 11945 (base 12) in base 5?
1230223
What is 729 (base 11) in base 12?
612
Convert 1223401 (base 5) to base 9.
35333
Convert -25 (base 8) to base 14.
-17
4532 (base 9) to base 3
11121002
Convert 47cd (base 15) to base 3.
202221111
Convert -12c03 (base 13) to base 8.
-104252
Convert -1306 (base 9) to base 6.
-4310
Convert 13878 (base 9) to base 15.
2c12
What is -210400 (base 5) in base 10?
-6975
-13027 (base 12) to base 6
-320051
What is 264 (base 16) in base 12?
430
What is 3818 (base 12) in base 7?
24350
3602 (base 9) to base 14
d91
Convert 61a4 (base 15) to base 6.
235301
What is 11876 (base 10) in base 15?
37bb
-10310 (base 4) to base 6
-1232
-2145 (base 16) to base 12
-4b19
-13301102 (base 4) to base 6
-403202
7054 (base 13) to base 16
3c58
What is 170c (base 15) in base 5?
124322
What is 27b (base 16) in base 3?
212112
Convert -44a8 (base 13) to base 10.
-9602
Convert 8a0c (base 13) to base 4.
10231032
What is -3c9 (base 14) in base 3?
-1001100
92ca (base 16) to base 6
445550
10001000010010 (base 2) to base 3
102222001
Convert -25 (base 10) to base 14.
-1b
11000010001 (base 2) to base 7
4346
What is 102202 (base 3) in base 16?
13d
Convert 1487 (base 11) to base 13.
b3c
Convert 665 (base 16) to base 4.
121211
-13417 (base 13) to base 11
-24a2a
697a (base 12) to base 14
43dc
Convert 101000001111100 (base 2) to base 13.
94bc
Convert -1000000010 (base 2) to base 7.
-1333
1077 (base 13) to base 6
14343
Convert 40ae (base 15) to base 10.
13664
What is 16489 (base 13) in base 8?
123044
What is -365 (base 10) in base 9?
-445
What is -35d (base 14) in base 13?
-3c8
What is -2131 (base 12) in base 15?
-1127
What is 22021 (base 4) in base 5?
10044
1001 (base 7) to base 15
17e
Convert a3b (base 12) to base 13.
8a5
Convert -1d8d (base 15) to base 9.
-8737
What is 1320 (base 4) in base 12?
a0
323 (base 10) to base 3
102222
What is -2100201 (base 3) in base 16?
-6b8
What is 70f8 (base 16) in base 11?
1a801
Convert 4c0 (base 14) to base 12.
674
What is 13013 (base 6) in base 10?
1953
Convert -7440 (base 16) to base 12.
-15280
Convert 3ab (base 14) to base 3.
1000101
Convert -14400 (base 5) to base 4.
-103021
What is -1217c (base 13) in base 2?
-1000000111001011
What is 52532 (base 6) in base 8?
15710
Convert -33a9 (base 14) to base 9.
-13265
Convert -1d26 (base 16) to base 14.
-2a10
What is -1001010010000000 (base 2) in base 6?
-452000
What is a4 (base 14) in base 9?
170
Convert -4042 (base 6) to base 5.
-12030
What is -55 (base 12) in base 7?
-122
Convert 40b (base 12) to base 15.
292
Convert -2a2 (base 13) to base 14.
-258
Convert -161 (base 7) to base 